{"id":1642,"date":"2023-02-08T11:57:47","date_gmt":"2023-02-08T09:57:47","guid":{"rendered":"https:\/\/zoobrasov.ro\/planetariu\/?page_id=1642"},"modified":"2023-02-27T13:06:28","modified_gmt":"2023-02-27T11:06:28","slug":"sistemul-solar-casa-noastra","status":"publish","type":"page","link":"https:\/\/zoobrasov.ro\/planetariu\/sistemul-solar-casa-noastra\/","title":{"rendered":"Sistemul Solar &#8211; Casa Noastra"},"content":{"rendered":"\t<div id=\"gap-2119679667\" class=\"gap-element clearfix\" style=\"display:block; height:auto;\">\n\t\t\n<style scope=\"scope\">\n\n#gap-2119679667 {\n  padding-top: 100px;\n}\n<\/style>\n\t<\/div>\n\t\n<div class=\"row align-middle\"  id=\"row-166287300\">\n<div class=\"col medium-4 small-12 large-4\"  ><div class=\"col-inner\"  >\n\t<div class=\"img has-hover x md-x lg-x y md-y lg-y\" id=\"image_572223803\">\n\t\t\t\t\t\t\t\t<div class=\"img-inner dark\" >\n\t\t\t<img loading=\"lazy\" decoding=\"async\" width=\"701\" height=\"1024\" src=\"https:\/\/zoobrasov.ro\/planetariu\/wp-content\/uploads\/2023\/02\/afis-site-701x1024.jpg\" class=\"attachment-large size-large\" alt=\"\" srcset=\"https:\/\/zoobrasov.ro\/planetariu\/wp-content\/uploads\/2023\/02\/afis-site-701x1024.jpg 701w, https:\/\/zoobrasov.ro\/planetariu\/wp-content\/uploads\/2023\/02\/afis-site-205x300.jpg 205w, https:\/\/zoobrasov.ro\/planetariu\/wp-content\/uploads\/2023\/02\/afis-site-768x1122.jpg 768w, https:\/\/zoobrasov.ro\/planetariu\/wp-content\/uploads\/2023\/02\/afis-site-1052x1536.jpg 1052w, https:\/\/zoobrasov.ro\/planetariu\/wp-content\/uploads\/2023\/02\/afis-site.jpg 1248w\" sizes=\"auto, (max-width: 701px) 100vw, 701px\" \/>\t\t\t\t\t\t\n\t\t\t\t\t<\/div>\n\t\t\t\t\t\t\t\t\n<style scope=\"scope\">\n\n#image_572223803 {\n  width: 100%;\n}\n<\/style>\n\t<\/div>\n\t\n<\/div><\/div>\n<div class=\"col medium-8 small-12 large-8\"  ><div class=\"col-inner\"  >\n<h3><span style=\"color: #000000;\"><strong>Sistemul Solar &#8211; Casa Noastr\u0103<\/strong><\/span><\/h3>\n<p><span style=\"color: #000000;\"><strong>Durata: 25 (12+13) minute. <\/strong><\/span><br \/>\n<span style=\"color: #000000;\"><strong>Limba: rom\u00e2n\u0103.<\/strong><\/span><br \/>\n<span style=\"color: #000000;\"><strong>Domenii de subiect: Astronomie.<\/strong><\/span><br \/>\n<span style=\"color: #000000;\"><strong>Cuvinte cheie: sistem solar, planete, asteroizi, eclipse, Soare.<\/strong><\/span><br \/>\n<span style=\"color: #000000;\"><strong>Audien\u021b\u0103 target: copii peste 8 ani, adul\u021bi \/ V\u00e2rsta minim\u0103 10 ani (sau 6 ani dac\u0103 \u00eenso\u021bitorul \u00ee\u0219i asum\u0103 responsabilitatea).<\/strong><\/span><\/p>\n<p><span style=\"color: #000000;\">Spectacolul \u201dSistemul Solar &#8211; Casa Noastr\u0103\u201d este alc\u0103tuit din dou\u0103 p\u0103r\u021bi:<\/span><\/p>\n<ul>\n<li><span style=\"color: #000000;\">Un film de\u00a012 minute despre Sistemul Solar, o descriere a planetelor care orbiteaz\u0103 de o ve\u0219nicie \u00een jurul Soarelui, a principalilor sateli\u021bi ai acestora, a centurilor care trimit spre noi asteroizi \u0219i comete. Vor fi c\u00e2teva minute \u00een care Sistemul Solar \u00ee\u0219i prezint\u0103 principalele lui tr\u0103s\u0103turi, sper\u00e2nd c\u0103 printre voi se afl\u0103 viitori temerari gata s\u0103-l descopere \u00een profunzime.<\/span><\/li>\n<li><span style=\"color: #000000;\">O proiec\u021bie de\u00a013 minute realizat\u0103 de Planetariul Bra\u0219ov, prezentat\u0103 de speciali\u0219tii planetariului, despre mecanismele eclipselor de Soare \u0219i de Lun\u0103, despre zonele pe care pute\u021bi s\u0103 le vizita\u021bi pentru a urm\u0103ri eclipse solare totale sau despre cum arat\u0103 o eclips\u0103 de Soare v\u0103zut\u0103 de pe Lun\u0103! \u0218tim sigur c\u0103, de oriunde le-a\u021bi privi, eclipsele sunt fabuloase!<\/span><\/li>\n<\/ul>\n<\/div><\/div>\n<div class=\"col small-12 large-12\"  ><div class=\"col-inner\"  >\n<p><span style=\"color: #000000;\">P\u0103m\u00e2ntul nu este dec\u00e2t o minuscul\u0103 minge albastr\u0103 \u00een imensitatea spa\u021biului. Orbiteaz\u0103 \u00een jurul Soarelui la o distan\u021b\u0103 de 150 de milioane de kilometri \u0219i are al\u021bi trei vecini st\u00e2nco\u0219i \u00een zona apropiat\u0103 de Soare: Mercur, Venus \u0219i Marte. Exist\u0103 \u0219i patru planete care orbiteaz\u0103 mai departe, care sunt foarte diferite de P\u0103m\u00e2nt, planetele gigantice: Jupiter, Saturn, Uranus \u0219i Neptun. De la craterele aride ale lui Mercur p\u00e2n\u0103 la lunile acoperite de ghea\u021b\u0103 ale lui Neptun sau canioanele lui Marte, aceste peisaje \u00eendep\u0103rtate sunt ast\u0103zi explorate de sonde spa\u021biale robotizate.<\/span><\/p>\n<p><span style=\"color: #000000;\">Dar, \u00een viitor, noi, oamenii, ar trebui s\u0103 punem piciorul pe unele dintre aceste lumi pentru a \u00een\u021belege mai bine diversitatea enorm\u0103 a Universului nostru. Depinde de voi s\u0103 \u00eencepe\u021bi s\u0103 visa\u021bi s\u0103 fi\u021bi pionierii explor\u0103rii sistemului solar! V\u0103 a\u0219tept\u0103m la Planetariul Bra\u0219ov, s\u0103 explor\u0103m Sistemul Solar \u0219i s\u0103 ne \u201djuc\u0103m\u201d cu Soarele, cu P\u0103m\u00e2ntul \u0219i cu Luna, pentru a \u00een\u021belege mecanismele care stau la baza form\u0103rii eclipselor, poate cele mai frumoase fenomene ce se \u00eent\u00e2mpl\u0103 pe cerul nostru.<\/span><\/p>\n<\/div><\/div>\n<div class=\"col small-12 large-12\"  ><div class=\"col-inner\"  >\n\t<div class=\"img has-hover x md-x lg-x y md-y lg-y\" id=\"image_592732345\">\n\t\t\t\t\t\t\t\t<div class=\"img-inner dark\" >\n\t\t\t<img loading=\"lazy\" decoding=\"async\" width=\"799\" height=\"519\" src=\"https:\/\/zoobrasov.ro\/planetariu\/wp-content\/uploads\/2023\/02\/total-lunar-eclipse-nasa.png\" class=\"attachment-large size-large\" alt=\"\" srcset=\"https:\/\/zoobrasov.ro\/planetariu\/wp-content\/uploads\/2023\/02\/total-lunar-eclipse-nasa.png 799w, https:\/\/zoobrasov.ro\/planetariu\/wp-content\/uploads\/2023\/02\/total-lunar-eclipse-nasa-300x195.png 300w, https:\/\/zoobrasov.ro\/planetariu\/wp-content\/uploads\/2023\/02\/total-lunar-eclipse-nasa-768x499.png 768w\" sizes=\"auto, (max-width: 799px) 100vw, 799px\" \/>\t\t\t\t\t\t\n\t\t\t\t\t<\/div>\n\t\t\t\t\t\t\t\t\n<style scope=\"scope\">\n\n#image_592732345 {\n  width: 100%;\n}\n<\/style>\n\t<\/div>\n\t\n\t<div class=\"img has-hover x md-x lg-x y md-y lg-y\" id=\"image_626428499\">\n\t\t\t\t\t\t\t\t<div class=\"img-inner dark\" >\n\t\t\t<img loading=\"lazy\" decoding=\"async\" width=\"1020\" height=\"650\" src=\"https:\/\/zoobrasov.ro\/planetariu\/wp-content\/uploads\/2023\/02\/eclipsa-soare-nasa-1024x653.png\" class=\"attachment-large size-large\" alt=\"\" srcset=\"https:\/\/zoobrasov.ro\/planetariu\/wp-content\/uploads\/2023\/02\/eclipsa-soare-nasa-1024x653.png 1024w, https:\/\/zoobrasov.ro\/planetariu\/wp-content\/uploads\/2023\/02\/eclipsa-soare-nasa-300x191.png 300w, https:\/\/zoobrasov.ro\/planetariu\/wp-content\/uploads\/2023\/02\/eclipsa-soare-nasa-768x489.png 768w, https:\/\/zoobrasov.ro\/planetariu\/wp-content\/uploads\/2023\/02\/eclipsa-soare-nasa-1536x979.png 1536w, https:\/\/zoobrasov.ro\/planetariu\/wp-content\/uploads\/2023\/02\/eclipsa-soare-nasa.png 1643w\" sizes=\"auto, (max-width: 1020px) 100vw, 1020px\" \/>\t\t\t\t\t\t\n\t\t\t\t\t<\/div>\n\t\t\t\t\t\t\t\t\n<style scope=\"scope\">\n\n#image_626428499 {\n  width: 100%;\n}\n<\/style>\n\t<\/div>\n\t\n\t<div id=\"gap-4027437\" class=\"gap-element clearfix\" style=\"display:block; height:auto;\">\n\t\t\n<style scope=\"scope\">\n\n#gap-4027437 {\n  padding-top: 10px;\n}\n<\/style>\n\t<\/div>\n\t\n<p style=\"text-align: right;\"><span style=\"font-size: 85%;\">Fotografii: NASA<\/span><\/p>\n<\/div><\/div>\n\n<style scope=\"scope\">\n\n<\/style>\n<\/div>\n","protected":false},"excerpt":{"rendered":"","protected":false},"author":3,"featured_media":1643,"parent":0,"menu_order":0,"comment_status":"closed","ping_status":"closed","template":"","meta":{"_monsterinsights_skip_tracking":false,"_monsterinsights_sitenote_active":false,"_monsterinsights_sitenote_note":"","_monsterinsights_sitenote_category":0,"footnotes":""},"class_list":["post-1642","page","type-page","status-publish","has-post-thumbnail","hentry"],"aioseo_notices":[],"_links":{"self":[{"href":"https:\/\/zoobrasov.ro\/planetariu\/wp-json\/wp\/v2\/pages\/1642","targetHints":{"allow":["GET"]}}],"collection":[{"href":"https:\/\/zoobrasov.ro\/planetariu\/wp-json\/wp\/v2\/pages"}],"about":[{"href":"https:\/\/zoobrasov.ro\/planetariu\/wp-json\/wp\/v2\/types\/page"}],"author":[{"embeddable":true,"href":"https:\/\/zoobrasov.ro\/planetariu\/wp-json\/wp\/v2\/users\/3"}],"replies":[{"embeddable":true,"href":"https:\/\/zoobrasov.ro\/planetariu\/wp-json\/wp\/v2\/comments?post=1642"}],"version-history":[{"count":5,"href":"https:\/\/zoobrasov.ro\/planetariu\/wp-json\/wp\/v2\/pages\/1642\/revisions"}],"predecessor-version":[{"id":1835,"href":"https:\/\/zoobrasov.ro\/planetariu\/wp-json\/wp\/v2\/pages\/1642\/revisions\/1835"}],"wp:featuredmedia":[{"embeddable":true,"href":"https:\/\/zoobrasov.ro\/planetariu\/wp-json\/wp\/v2\/media\/1643"}],"wp:attachment":[{"href":"https:\/\/zoobrasov.ro\/planetariu\/wp-json\/wp\/v2\/media?parent=1642"}],"curies":[{"name":"wp","href":"https:\/\/api.w.org\/{rel}","templated":true}]}}