{"id":185,"date":"2020-03-01T17:03:15","date_gmt":"2020-03-01T15:03:15","guid":{"rendered":"https:\/\/zoobrasov.ro\/planetariu\/?page_id=185"},"modified":"2024-01-01T17:12:20","modified_gmt":"2024-01-01T15:12:20","slug":"capcom-go","status":"publish","type":"page","link":"https:\/\/zoobrasov.ro\/planetariu\/spectacole\/capcom-go\/","title":{"rendered":"Capcom Go"},"content":{"rendered":"\t<div id=\"gap-1792589161\" class=\"gap-element clearfix\" style=\"display:block; height:auto;\">\n\t\t\n<style scope=\"scope\">\n\n#gap-1792589161 {\n  padding-top: 100px;\n}\n<\/style>\n\t<\/div>\n\t\n<div class=\"row align-middle\"  id=\"row-1775592916\">\n<div class=\"col medium-4 small-12 large-4\"  ><div class=\"col-inner\"  >\n\t<div class=\"img has-hover x md-x lg-x y md-y lg-y\" id=\"image_591300078\">\n\t\t\t\t\t\t\t\t<div class=\"img-inner dark\" >\n\t\t\t<img loading=\"lazy\" decoding=\"async\" width=\"600\" height=\"836\" src=\"https:\/\/zoobrasov.ro\/planetariu\/wp-content\/uploads\/2020\/03\/planetariu-brasov-3.jpg\" class=\"attachment-large size-large\" alt=\"\" srcset=\"https:\/\/zoobrasov.ro\/planetariu\/wp-content\/uploads\/2020\/03\/planetariu-brasov-3.jpg 600w, https:\/\/zoobrasov.ro\/planetariu\/wp-content\/uploads\/2020\/03\/planetariu-brasov-3-215x300.jpg 215w\" sizes=\"auto, (max-width: 600px) 100vw, 600px\" \/>\t\t\t\t\t\t\n\t\t\t\t\t<\/div>\n\t\t\t\t\t\t\t\t\n<style scope=\"scope\">\n\n#image_591300078 {\n  width: 100%;\n}\n<\/style>\n\t<\/div>\n\t\n<\/div><\/div>\n<div class=\"col medium-8 small-12 large-8\"  ><div class=\"col-inner\"  >\n<h3 class=\"p1\"><span class=\"s1\">CAPCOM GO! The Apollo Story &#8211; Istoria misiunilor lunare Apollo<\/span><\/h3>\n<p><strong>Durat\u0103: 26 minute.<\/strong><br \/><strong>Limba: rom\u00e2n\u0103.<\/strong><br \/><strong>Domenii de subiect: Astrofizic\u0103, Astronomie \u0219i mecanic\u0103 cereasc\u0103.<\/strong><br \/><strong>Cuvinte cheie: luna, misiune Apollo, aselenizare, orbite, sateli\u021bi.<\/strong><br \/><strong>Potrivit pentru: audien\u021b\u0103 general\u0103.<\/strong><br \/><strong>Audien\u021b\u0103 target: clasele 1- 8, clasele 9-12, adul\u021bi \/ V\u00e2rsta minim\u0103 6 ani (sau 3 ani dac\u0103 \u00eenso\u021bitorul \u00ee\u0219i asum\u0103 responsabilitatea).<\/strong><\/p>\n<p class=\"p1\"><span class=\"s1\">Un documentar istoric captivant care descrie realiz\u0103rile programului Apollo \u0219i eforturile care au fost f\u0103cute pentru a duce primul om pe Lun\u0103. Documentarul prezint\u0103 noilor genera\u021bii obstacolele uria\u0219e care au trebuit s\u0103 fie dep\u0103\u0219ite \u0219i \u00eei inspir\u0103 pe cei tineri s\u0103 devin\u0103 exploratorii, proiectan\u021bii, inginerii, savan\u021bii \u0219i vis\u0103torii de m\u00e2ine.<\/span><\/p>\n<a href=\"https:\/\/zoobrasov.ro\/cumpara-bilete\/\" target=\"_self\" class=\"button primary lowercase\"  style=\"border-radius:99px;\">\n    <span>Cump\u0103r\u0103 Bilet<\/span>\n  <i class=\"icon-angle-right\" ><\/i><\/a>\n\n<\/div><\/div>\n<div class=\"col small-12 large-12\"  ><div class=\"col-inner\"  >\n<div class=\"video video-fit mb\" style=\"padding-top:56.25%;\"><p><iframe loading=\"lazy\" title=\"Capcom Go, The Apollo Story Trailer Flat\" width=\"1020\" height=\"574\" src=\"https:\/\/www.youtube.com\/embed\/trwANaOaWYk?feature=oembed\" frameborder=\"0\" allow=\"accelerometer; autoplay; clipboard-write; encrypted-media; gyroscope; picture-in-picture; web-share\" allowfullscreen><\/iframe><\/p>\n<\/div>\n<\/div><\/div>\n\n<style scope=\"scope\">\n\n<\/style>\n<\/div>\n","protected":false},"excerpt":{"rendered":"","protected":false},"author":1,"featured_media":0,"parent":13,"menu_order":0,"comment_status":"closed","ping_status":"closed","template":"","meta":{"_monsterinsights_skip_tracking":false,"_monsterinsights_sitenote_active":false,"_monsterinsights_sitenote_note":"","_monsterinsights_sitenote_category":0,"footnotes":""},"class_list":["post-185","page","type-page","status-publish","hentry"],"aioseo_notices":[],"_links":{"self":[{"href":"https:\/\/zoobrasov.ro\/planetariu\/wp-json\/wp\/v2\/pages\/185","targetHints":{"allow":["GET"]}}],"collection":[{"href":"https:\/\/zoobrasov.ro\/planetariu\/wp-json\/wp\/v2\/pages"}],"about":[{"href":"https:\/\/zoobrasov.ro\/planetariu\/wp-json\/wp\/v2\/types\/page"}],"author":[{"embeddable":true,"href":"https:\/\/zoobrasov.ro\/planetariu\/wp-json\/wp\/v2\/users\/1"}],"replies":[{"embeddable":true,"href":"https:\/\/zoobrasov.ro\/planetariu\/wp-json\/wp\/v2\/comments?post=185"}],"version-history":[{"count":10,"href":"https:\/\/zoobrasov.ro\/planetariu\/wp-json\/wp\/v2\/pages\/185\/revisions"}],"predecessor-version":[{"id":2249,"href":"https:\/\/zoobrasov.ro\/planetariu\/wp-json\/wp\/v2\/pages\/185\/revisions\/2249"}],"up":[{"embeddable":true,"href":"https:\/\/zoobrasov.ro\/planetariu\/wp-json\/wp\/v2\/pages\/13"}],"wp:attachment":[{"href":"https:\/\/zoobrasov.ro\/planetariu\/wp-json\/wp\/v2\/media?parent=185"}],"curies":[{"name":"wp","href":"https:\/\/api.w.org\/{rel}","templated":true}]}}