{"id":2211,"date":"2023-12-23T11:12:30","date_gmt":"2023-12-23T09:12:30","guid":{"rendered":"https:\/\/zoobrasov.ro\/planetariu\/?page_id=2211"},"modified":"2023-12-29T12:41:49","modified_gmt":"2023-12-29T10:41:49","slug":"partea-intunecata-a-luminii","status":"publish","type":"page","link":"https:\/\/zoobrasov.ro\/planetariu\/partea-intunecata-a-luminii\/","title":{"rendered":"Partea \u00eentunecat\u0103 a luminii"},"content":{"rendered":"\t<div id=\"gap-532675409\" class=\"gap-element clearfix\" style=\"display:block; height:auto;\">\n\t\t\n<style scope=\"scope\">\n\n#gap-532675409 {\n  padding-top: 100px;\n}\n<\/style>\n\t<\/div>\n\t\n<div class=\"row align-middle\"  id=\"row-2045524383\">\n<div class=\"col medium-4 small-12 large-4\"  ><div class=\"col-inner\"  >\n\t<div class=\"img has-hover x md-x lg-x y md-y lg-y\" id=\"image_1729543364\">\n\t\t\t\t\t\t\t\t<div class=\"img-inner dark\" >\n\t\t\t<img loading=\"lazy\" decoding=\"async\" width=\"1500\" height=\"2093\" src=\"https:\/\/zoobrasov.ro\/planetariu\/wp-content\/uploads\/2023\/12\/DSoL_Poster_v1.png\" class=\"attachment-original size-original\" alt=\"\" srcset=\"https:\/\/zoobrasov.ro\/planetariu\/wp-content\/uploads\/2023\/12\/DSoL_Poster_v1.png 1500w, https:\/\/zoobrasov.ro\/planetariu\/wp-content\/uploads\/2023\/12\/DSoL_Poster_v1-215x300.png 215w, https:\/\/zoobrasov.ro\/planetariu\/wp-content\/uploads\/2023\/12\/DSoL_Poster_v1-734x1024.png 734w, https:\/\/zoobrasov.ro\/planetariu\/wp-content\/uploads\/2023\/12\/DSoL_Poster_v1-768x1072.png 768w, https:\/\/zoobrasov.ro\/planetariu\/wp-content\/uploads\/2023\/12\/DSoL_Poster_v1-1101x1536.png 1101w, https:\/\/zoobrasov.ro\/planetariu\/wp-content\/uploads\/2023\/12\/DSoL_Poster_v1-1468x2048.png 1468w\" sizes=\"auto, (max-width: 1500px) 100vw, 1500px\" \/>\t\t\t\t\t\t\n\t\t\t\t\t<\/div>\n\t\t\t\t\t\t\t\t\n<style scope=\"scope\">\n\n#image_1729543364 {\n  width: 100%;\n}\n<\/style>\n\t<\/div>\n\t\n<\/div><\/div>\n<div class=\"col medium-8 small-12 large-8\"  ><div class=\"col-inner\"  >\n<h3><strong><span style=\"color: #000000;\">Partea \u00eentunecat<\/span><\/strong><span style=\"color: #000000;\">\u0103<\/span><strong><span style=\"color: #000000;\"> a luminii<\/span><\/strong><\/h3>\n<p><span style=\"color: #000000;\"><strong>Durata: 23 minute. <\/strong><\/span><br \/><span style=\"color: #000000;\"><strong>Limba: rom\u00e2n\u0103.<\/strong><\/span><br \/><span style=\"color: #000000;\"><strong>Domenii de subiect: Astronomie, Mediu.<\/strong><\/span><br \/><span style=\"color: #000000;\"><strong>Cuvinte cheie: lumin\u0103, poluare, spectru, astronomie.<\/strong><\/span><br \/><span style=\"color: #000000;\"><strong>Audien\u021b\u0103 target: copii peste 8 ani, adul\u021bi \/ V\u00e2rsta minim\u0103 10 ani (sau 6 ani dac\u0103 \u00eenso\u021bitorul \u00ee\u0219i asum\u0103 responsabilitatea).<\/strong><\/span><\/p>\n<p>Poluare luminoas\u0103. A\u021bi auzit vreodat\u0103 de acest termen? Cum poate fi asociat ceva at\u00e2t de esen\u021bial precum lumina cu poluarea?\u00a0De c\u00e2teva secole, ne-am obi\u0219nuit s\u0103 aprindem sursele de lumin\u0103 artificial\u0103 dup\u0103 \u00eentuneric, consider\u00e2ndu-le naturale. Dar nu sunt. Organismele vii, at\u00e2t plantele, c\u00e2t \u0219i animalele, s-au adaptat la ciclul natural al zilei \u0219i al nop\u021bii de zeci de milioane de ani. Bioritmurile noastre func\u021bioneaz\u0103 \u00een conformitate cu r\u0103s\u0103ritul \u0219i apusul Soarelui. Perturbarea artificial\u0103 a acestui ciclu are consecin\u021be grave, nu numai pentru s\u0103n\u0103tatea noastr\u0103, ci \u0219i pentru mediu \u0219i economie. Deci, de ce este periculoas\u0103 cre\u0219terea nivelului de iluminare artificial\u0103 pentru noi? S\u0103 arunc\u0103m o privire \u00eempreun\u0103 la ceea ce se ascunde sub termenul de poluare luminoas\u0103 \u0219i ce putem face fiecare dintre noi \u00een privin\u021ba asta.<\/p>\n<p>Spectacolul Dark Side of Light este rezultatul unui proiect interna\u021bional \u00eentre \u0219apte planetarii \u0219i observatoare astronomice, printre care \u0219i Planetariul Baia Mare (<a href=\"https:\/\/planetariubm.ro\/\" target=\"_blank\" rel=\"noopener\">Muzeul de \u0218tiin\u021be Astronomice Baia Mare<\/a>).<\/p>\n<a href=\"https:\/\/zoobrasov.ro\/cumpara-bilete\/\" target=\"_self\" class=\"button primary lowercase\"  style=\"border-radius:99px;\">\n    <span>Cump\u0103r\u0103 Bilet<\/span>\n  <i class=\"icon-angle-right\" ><\/i><\/a>\n\n<\/div><\/div>\n<div class=\"col small-12 large-12\"  ><div class=\"col-inner\"  >\n\t<div class=\"img has-hover x md-x lg-x y md-y lg-y\" id=\"image_1478725101\">\n\t\t\t\t\t\t\t\t<div class=\"img-inner dark\" >\n\t\t\t<img loading=\"lazy\" decoding=\"async\" width=\"1020\" height=\"574\" src=\"https:\/\/zoobrasov.ro\/planetariu\/wp-content\/uploads\/2023\/12\/dark-skies-1024x576.jpg\" class=\"attachment-large size-large\" alt=\"\" srcset=\"https:\/\/zoobrasov.ro\/planetariu\/wp-content\/uploads\/2023\/12\/dark-skies-1024x576.jpg 1024w, https:\/\/zoobrasov.ro\/planetariu\/wp-content\/uploads\/2023\/12\/dark-skies-300x169.jpg 300w, https:\/\/zoobrasov.ro\/planetariu\/wp-content\/uploads\/2023\/12\/dark-skies-768x432.jpg 768w, https:\/\/zoobrasov.ro\/planetariu\/wp-content\/uploads\/2023\/12\/dark-skies-1536x864.jpg 1536w, https:\/\/zoobrasov.ro\/planetariu\/wp-content\/uploads\/2023\/12\/dark-skies-2048x1152.jpg 2048w\" sizes=\"auto, (max-width: 1020px) 100vw, 1020px\" \/>\t\t\t\t\t\t\n\t\t\t\t\t<\/div>\n\t\t\t\t\t\t\t\t\n<style scope=\"scope\">\n\n#image_1478725101 {\n  width: 100%;\n}\n<\/style>\n\t<\/div>\n\t\n<\/div><\/div>\n<div class=\"col small-12 large-12\"  ><div class=\"col-inner text-center text-shadow-1\" style=\"margin:-25px 0px 0px 0px;\" >\n<div class=\"row row-collapse row-full-width align-middle align-center\"  id=\"row-1966425169\">\n<div class=\"col medium-1 small-6 large-1\"  ><div class=\"col-inner\"  >\n<p>8\/9 &#8211;\u00a0Cerul din interiorul ora\u0219elor<\/p>\n<\/div><\/div>\n<div class=\"col medium-1 small-6 large-1\"  ><div class=\"col-inner\"  >\n<p>7 &#8211; Cerul de la marginea ora\u0219elor<\/p>\n<\/div><\/div>\n<div class=\"col medium-1 small-6 large-1\"  ><div class=\"col-inner\"  >\n<p>6 &#8211;\u00a0Cerul din zonele suburbane luminoase<\/p>\n<\/div><\/div>\n<div class=\"col medium-1 small-6 large-1\"  ><div class=\"col-inner\"  >\n<p>5 &#8211;\u00a0Cerul din zonele suburbane<\/p>\n<\/div><\/div>\n<div class=\"col medium-1 small-6 large-1\"  ><div class=\"col-inner\"  >\n<p>4 &#8211;\u00a0Cerul de la marginea zonelor suburbane<\/p>\n<\/div><\/div>\n<div class=\"col medium-1 small-6 large-1\"  ><div class=\"col-inner\"  >\n<p>3 &#8211;\u00a0Cerul din zonele rurale<\/p>\n<\/div><\/div>\n<div class=\"col medium-1 small-6 large-1\"  ><div class=\"col-inner\"  >\n<p>2 &#8211;\u00a0Cer cu poluare luminoas\u0103 aproape inexistent\u0103<\/p>\n<\/div><\/div>\n<div class=\"col medium-1 small-6 large-1\"  ><div class=\"col-inner\"  >\n<p>1 &#8211;\u00a0Cer excelent<\/p>\n<\/div><\/div>\n\n<style scope=\"scope\">\n\n<\/style>\n<\/div>\n<\/div><\/div>\n\n<style scope=\"scope\">\n\n<\/style>\n<\/div>\n","protected":false},"excerpt":{"rendered":"","protected":false},"author":3,"featured_media":0,"parent":0,"menu_order":0,"comment_status":"closed","ping_status":"closed","template":"","meta":{"_monsterinsights_skip_tracking":false,"_monsterinsights_sitenote_active":false,"_monsterinsights_sitenote_note":"","_monsterinsights_sitenote_category":0,"footnotes":""},"class_list":["post-2211","page","type-page","status-publish","hentry"],"aioseo_notices":[],"_links":{"self":[{"href":"https:\/\/zoobrasov.ro\/planetariu\/wp-json\/wp\/v2\/pages\/2211","targetHints":{"allow":["GET"]}}],"collection":[{"href":"https:\/\/zoobrasov.ro\/planetariu\/wp-json\/wp\/v2\/pages"}],"about":[{"href":"https:\/\/zoobrasov.ro\/planetariu\/wp-json\/wp\/v2\/types\/page"}],"author":[{"embeddable":true,"href":"https:\/\/zoobrasov.ro\/planetariu\/wp-json\/wp\/v2\/users\/3"}],"replies":[{"embeddable":true,"href":"https:\/\/zoobrasov.ro\/planetariu\/wp-json\/wp\/v2\/comments?post=2211"}],"version-history":[{"count":17,"href":"https:\/\/zoobrasov.ro\/planetariu\/wp-json\/wp\/v2\/pages\/2211\/revisions"}],"predecessor-version":[{"id":2238,"href":"https:\/\/zoobrasov.ro\/planetariu\/wp-json\/wp\/v2\/pages\/2211\/revisions\/2238"}],"wp:attachment":[{"href":"https:\/\/zoobrasov.ro\/planetariu\/wp-json\/wp\/v2\/media?parent=2211"}],"curies":[{"name":"wp","href":"https:\/\/api.w.org\/{rel}","templated":true}]}}