{"id":2320,"date":"2024-04-24T09:27:21","date_gmt":"2024-04-24T07:27:21","guid":{"rendered":"https:\/\/zoobrasov.ro\/planetariu\/?page_id=2320"},"modified":"2024-04-30T14:09:27","modified_gmt":"2024-04-30T12:09:27","slug":"bunicul-savant-zoe-misiunea-lumina","status":"publish","type":"page","link":"https:\/\/zoobrasov.ro\/planetariu\/bunicul-savant-zoe-misiunea-lumina\/","title":{"rendered":"Zoe si bunicul: Misiunea lumina"},"content":{"rendered":"\t<div id=\"gap-1724417886\" class=\"gap-element clearfix\" style=\"display:block; height:auto;\">\n\t\t\n<style scope=\"scope\">\n\n#gap-1724417886 {\n  padding-top: 100px;\n}\n<\/style>\n\t<\/div>\n\t\n<div class=\"row align-middle\"  id=\"row-2040915880\">\n<div class=\"col medium-4 small-12 large-4\"  ><div class=\"col-inner\"  >\n\t<div class=\"img has-hover x md-x lg-x y md-y lg-y\" id=\"image_1558157644\">\n\t\t\t\t\t\t\t\t<div class=\"img-inner dark\" >\n\t\t\t<img loading=\"lazy\" decoding=\"async\" width=\"1827\" height=\"2560\" src=\"https:\/\/zoobrasov.ro\/planetariu\/wp-content\/uploads\/2024\/04\/51083875428_6aa9fa4ee6_o-scaled.jpg\" class=\"attachment-original size-original\" alt=\"\" srcset=\"https:\/\/zoobrasov.ro\/planetariu\/wp-content\/uploads\/2024\/04\/51083875428_6aa9fa4ee6_o-scaled.jpg 1827w, https:\/\/zoobrasov.ro\/planetariu\/wp-content\/uploads\/2024\/04\/51083875428_6aa9fa4ee6_o-214x300.jpg 214w, https:\/\/zoobrasov.ro\/planetariu\/wp-content\/uploads\/2024\/04\/51083875428_6aa9fa4ee6_o-731x1024.jpg 731w, https:\/\/zoobrasov.ro\/planetariu\/wp-content\/uploads\/2024\/04\/51083875428_6aa9fa4ee6_o-768x1076.jpg 768w, https:\/\/zoobrasov.ro\/planetariu\/wp-content\/uploads\/2024\/04\/51083875428_6aa9fa4ee6_o-1096x1536.jpg 1096w, https:\/\/zoobrasov.ro\/planetariu\/wp-content\/uploads\/2024\/04\/51083875428_6aa9fa4ee6_o-1462x2048.jpg 1462w\" sizes=\"auto, (max-width: 1827px) 100vw, 1827px\" \/>\t\t\t\t\t\t\n\t\t\t\t\t<\/div>\n\t\t\t\t\t\t\t\t\n<style scope=\"scope\">\n\n#image_1558157644 {\n  width: 100%;\n}\n<\/style>\n\t<\/div>\n\t\n<\/div><\/div>\n<div class=\"col medium-8 small-12 large-8\"  ><div class=\"col-inner\"  >\n<h3>Bunicul savant \u0219i Zoe: Misiunea lumina<\/h3>\n<p><strong>Durat\u0103: 28 minute.<\/strong><br \/><strong>Limba: rom\u00e2n\u0103.<\/strong><br \/><strong>Domenii de subiect: Astronomie, spa\u021biu, lumin\u0103.<\/strong><br \/><strong>Cuvinte cheie: astronomie, lumin\u0103, educa\u021bie, sistemul solar, planete, desene animate.<\/strong><br \/><strong>Audien\u021b\u0103 target: \u0219colari \u0219i pre\u0219colari \/ V\u00e2rsta minim\u0103 6 ani (sau 4 ani dac\u0103 \u00eenso\u021bitorul \u00ee\u0219i asum\u0103 responsabilitatea).<\/strong><\/p>\n<p>GranPa, bunicul, \u0219i Zoe tr\u0103iesc lini\u0219ti\u021bi la ferma lor din mijlocul de\u0219ertului. Dup\u0103 o noapte petrecut\u0103 observ\u00e2nd stelele, \u00eencep o zi frumoas\u0103 cu un soare str\u0103lucitor care \u00eei face pe am\u00e2ndoi s\u0103 vorbeasc\u0103 despre lumin\u0103, natura \u0219i comportamentul ei. Dar foarte repede aceast\u0103 explica\u021bie este tulburat\u0103 de un eveniment ciudat: lumina se estompeaz\u0103. Se pare c\u0103 ceva mascheaz\u0103 Soarele. Pentru a \u00een\u021belege ce se \u00eent\u00e2mpl\u0103 acolo sus, GranPa decide s\u0103-\u0219i scoat\u0103 vechea nav\u0103 \u0219i s\u0103 mearg\u0103 la Hubble. Celebrul telescop spa\u021bial le permite s\u0103 observe steaua \u0219i s\u0103 vad\u0103 c\u0103 un nor ciudat de gaz \u00eei blocheaz\u0103 razele.<\/p>\n<p>Bunicul ghice\u0219te imediat cine se afl\u0103 \u00een spatele lui: Bogbog, un extraterestru adolescent c\u0103ruia \u00eei place s\u0103 tortureze P\u0103m\u00e2ntul \u00een joac\u0103. Cei doi eroi ai no\u0219tri reu\u0219esc s\u0103 p\u0103trund\u0103 \u00een ma\u0219in\u0103ria lui Bogbog cu g\u00e2ndul de a o dezactiva. \u00cei a\u0219teapt\u0103 mai multe teste care \u00eei oblig\u0103 s\u0103-\u0219i aplice cuno\u0219tin\u021bele despre lumin\u0103. Reu\u0219esc p\u00e2n\u0103 la urm\u0103 s\u0103-l opreasc\u0103 pe adolescentul juc\u0103u\u0219!\u00a0 Bunicul \u0219i Zoe se \u00eentorc pe P\u0103m\u00e2nt, gata s\u0103 reia ziua de unde au plecat.<\/p>\n<a href=\"https:\/\/zoobrasov.ro\/cumpara-bilete\/\" target=\"_self\" class=\"button primary lowercase\"  style=\"border-radius:99px;\">\n    <span>Cump\u0103r\u0103 Bilet<\/span>\n  <i class=\"icon-angle-right\" ><\/i><\/a>\n\n<\/div><\/div>\n<div class=\"col small-12 large-12\"  ><div class=\"col-inner\"  >\n<div class=\"video video-fit mb\" style=\"padding-top:56.25%;\"><p><iframe loading=\"lazy\" title=\"GranPa &amp; Zoe: Mission Light Trailer Flat\" width=\"1020\" height=\"574\" src=\"https:\/\/www.youtube.com\/embed\/lYSpdcCG6M0?feature=oembed\" frameborder=\"0\" allow=\"accelerometer; autoplay; clipboard-write; encrypted-media; gyroscope; picture-in-picture; web-share\" referrerpolicy=\"strict-origin-when-cross-origin\" allowfullscreen><\/iframe><\/p>\n<\/div>\n<\/div><\/div>\n\n<style scope=\"scope\">\n\n<\/style>\n<\/div>\n","protected":false},"excerpt":{"rendered":"","protected":false},"author":3,"featured_media":0,"parent":0,"menu_order":0,"comment_status":"closed","ping_status":"closed","template":"","meta":{"_monsterinsights_skip_tracking":false,"_monsterinsights_sitenote_active":false,"_monsterinsights_sitenote_note":"","_monsterinsights_sitenote_category":0,"footnotes":""},"class_list":["post-2320","page","type-page","status-publish","hentry"],"aioseo_notices":[],"_links":{"self":[{"href":"https:\/\/zoobrasov.ro\/planetariu\/wp-json\/wp\/v2\/pages\/2320","targetHints":{"allow":["GET"]}}],"collection":[{"href":"https:\/\/zoobrasov.ro\/planetariu\/wp-json\/wp\/v2\/pages"}],"about":[{"href":"https:\/\/zoobrasov.ro\/planetariu\/wp-json\/wp\/v2\/types\/page"}],"author":[{"embeddable":true,"href":"https:\/\/zoobrasov.ro\/planetariu\/wp-json\/wp\/v2\/users\/3"}],"replies":[{"embeddable":true,"href":"https:\/\/zoobrasov.ro\/planetariu\/wp-json\/wp\/v2\/comments?post=2320"}],"version-history":[{"count":10,"href":"https:\/\/zoobrasov.ro\/planetariu\/wp-json\/wp\/v2\/pages\/2320\/revisions"}],"predecessor-version":[{"id":2351,"href":"https:\/\/zoobrasov.ro\/planetariu\/wp-json\/wp\/v2\/pages\/2320\/revisions\/2351"}],"wp:attachment":[{"href":"https:\/\/zoobrasov.ro\/planetariu\/wp-json\/wp\/v2\/media?parent=2320"}],"curies":[{"name":"wp","href":"https:\/\/api.w.org\/{rel}","templated":true}]}}